 of 17069?
True
Does 45 divide 1423?
False
Is 488 a multiple of 11?
False
Is 16 a factor of 9488?
True
Does 45 divide 2493?
False
Is 25 a factor of 1302?
False
Does 10 divide 15555?
False
Is 2 a factor of 2262?
True
Does 14 divide 506?
False
Is 3050 a multiple of 50?
True
Does 11 divide 3377?
True
Is 14 a factor of 4228?
True
Does 4 divide 32188?
True
Does 38 divide 70?
False
Is 37 a factor of 3600?
False
Is 13212 a multiple of 18?
True
Is 48692 a multiple of 45?
False
Is 15 a factor of 4365?
True
Is 18 a factor of 54371?
False
Is 874 a multiple of 38?
True
Does 8 divide 2549?
False
Does 16 divide 2745?
False
Is 1703 a multiple of 12?
False
Is 9150 a multiple of 6?
True
Is 20 a factor of 162?
False
Does 12 divide 12903?
False
Is 150 a factor of 14275?
False
Is 34 a factor of 124066?
True
Is 11932 a multiple of 19?
True
Is 15372 a multiple of 84?
True
Does 237 divide 4977?
True
Does 14 divide 1344?
True
Is 1270 a multiple of 127?
True
Is 49 a factor of 5102?
False
Is 2300 a multiple of 25?
True
Does 106 divide 2304?
False
Does 2 divide 148?
True
Does 141 divide 2820?
True
Does 23 divide 456?
False
Does 5 divide 818?
False
Does 9 divide 545?
False
Does 13 divide 39?
True
Is 8027 a multiple of 10?
False
Does 26 divide 10487?
False
Is 233 a factor of 18065?
False
Is 1573 a multiple of 25?
False
Does 36 divide 1692?
True
Is 53 a factor of 2386?
False
Does 49 divide 36701?
True
Does 76 divide 1368?
True
Is 424 a multiple of 8?
True
Is 9132 a multiple of 12?
True
Is 1157 a multiple of 6?
False
Does 2 divide 2397?
False
Is 9443 a multiple of 7?
True
Is 98 a multiple of 61?
False
Does 11 divide 23500?
False
Is 26 a factor of 441?
False
Does 30 divide 24840?
True
Does 12 divide 303?
False
Is 129 a factor of 88967?
False
Is 168 a factor of 74597?
False
Does 106 divide 31683?
False
Does 6 divide 1735?
False
Is 2968 a multiple of 4?
True
Is 22 a factor of 2771?
False
Is 308 a multiple of 5?
False
Is 22 a factor of 37?
False
Is 90 a factor of 14111?
False
Is 232 a factor of 17326?
False
Does 15 divide 1113?
False
Does 10 divide 2760?
True
Is 119 a multiple of 4?
False
Is 12 a factor of 336?
True
Is 78 a factor of 57194?
False
Is 34715 a multiple of 260?
False
Does 17 divide 8296?
True
Is 138 a multiple of 76?
False
Is 114043 a multiple of 26?
False
Is 18 a factor of 4191?
False
Is 54 a factor of 10942?
False
Does 182 divide 15688?
False
Is 60142 a multiple of 21?
False
Does 59 divide 1121?
True
Is 7 a factor of 2613?
False
Does 21 divide 37170?
True
Is 522 a multiple of 20?
False
Is 13 a factor of 1183?
True
Does 6 divide 210?
True
Is 13 a factor of 91?
True
Does 50 divide 1182?
False
Does 3 divide 33?
True
Is 60270 a multiple of 123?
True
Does 38 divide 532?
True
Is 45 a factor of 380?
False
Is 8 a factor of 118861?
False
Does 36 divide 360?
True
Does 5 divide 3899?
False
Is 28 a factor of 15148?
True
Is 76 a multiple of 6?
False
Does 7 divide 17577?
True
Is 9700 a multiple of 97?
True
Is 3231 a multiple of 14?
False
Is 384 a factor of 12072?
False
Is 494 a multiple of 38?
True
Is 4 a factor of 84?
True
Is 4106 a multiple of 7?
False
Is 7 a multiple of 2?
False
Is 22 a factor of 4217?
False
Does 6 divide 26256?
True
Is 1587 a multiple of 10?
False
Does 120 divide 11520?
True
Does 18 divide 9630?
True
Does 25 divide 1025?
True
Is 824 a multiple of 19?
False
Does 61 divide 380?
False
Is 23768 a multiple of 108?
False
Does 151 divide 14243?
False
Is 17 a factor of 578?
True
Is 35 a factor of 2905?
True
Is 10 a factor of 9010?
True
Does 20 divide 5594?
False
Is 1639 a multiple of 22?
False
Is 53 a factor of 265?
True
Is 8 a factor of 1608?
True
Is 24 a factor of 1127?
False
Does 53 divide 1283?
False
Is 32 a factor of 764?
False
Is 15 a factor of 53040?
True
Does 11 divide 2068?
True
Is 17 a factor of 3128?
True
Does 35 divide 5993?
False
Is 2428 even?
True
Is 13 a factor of 741?
True
Is 34 a factor of 40392?
True
Is 23 a factor of 15708?
False
Is 12 a factor of 1094?
False
Is 29 a factor of 44?
False
Is 17 a factor of 2335?
False
Is 6272 a multiple of 137?
False
Does 15 divide 12765?
True
Is 94 a factor of 4888?
True
Is 37566 a multiple of 30?
False
Does 120 divide 5160?
True
Is 8613 a multiple of 67?
False
Is 50 a factor of 43600?
True
Does 10 divide 45130?
True
Is 10 a factor of 109?
False
Is 10 a factor of 26180?
True
Is 450 a multiple of 6?
True
Is 49 a factor of 637?
True
Is 27 a factor of 45908?
False
Is 9 a factor of 1168?
False
Does 8 divide 272?
True
Does 17 divide 7087?
False
Is 29 a factor of 812?
True
Is 51 a multiple of 3?
True
Is 31 a factor of 258?
False
Does 4 divide 260?
True
Is 40 a factor of 75080?
True
Does 102 divide 306?
True
Is 26 a factor of 46?
False
Does 28 divide 3864?
True
Is 476 a multiple of 5?
False
Is 40 a factor of 270?
False
Is 13592 a multiple of 140?
False
Is 3375 a multiple of 9?
True
Does 33 divide 3627?
False
Is 1261 a multiple of 9?
False
Is 13 a factor of 1664?
True
Does 6 divide 4105?
False
Is 52 a factor of 5460?
True
Is 28 a multiple of 7?
True
Is 6 a factor of 7704?
True
Is 623 a multiple of 13?
False
Is 471 a multiple of 14?
False
Is 5418 a multiple of 387?
True
Does 8 divide 1168?
True
Is 8164 a multiple of 3?
False
Does 31 divide 29977?
True
Is 11388 a multiple of 26?
True
Does 9 divide 765?
True
Is 27243 a multiple of 184?
False
Is 41 a factor of 1449?
False
Is 29 a factor of 95995?
False
Does 37 divide 7454?
False
Is 62 a factor of 9709?
False
Does 2 divide 216?
True
Does 23 divide 3656?
False
Does 4 divide 13412?
True
Does 25 divide 11272?
False
Is 2 a factor of 1177?
False
Is 7 a factor of 2051?
True
Is 17299 a multiple of 14?
False
Does 30 divide 748?
False
Is 27 a factor of 1056?
False
Is 10 a factor of 250?
True
Is 858 a multiple of 33?
True
Does 14 divide 14?
True
Is 10792 a multiple of 67?
False
Is 4972 a multiple of 113?
True
Is 60704 a multiple of 112?
True
Does 12 divide 5108?
False
Does 4 divide 172?
True
Is 96 a multiple of 4?
True
Does 10 divide 220?
True
Does 118 divide 2242?
True
Does 5 divide 125?
True
Is 252 a multiple of 38?
False
Does 76 divide 3876?
True
Does 11 divide 12383?
False
Is 14 a factor of 24554?
False
Does 172 divide 16168?
True
Does 52 divide 12626?
False
Is 371 a multiple of 6?
False
Is 73 a factor of 22922?
True
Is 4018 a multiple of 30?
False
Is 42 a factor of 1301?
False
Is 180 a factor of 18180?
True
Is 56 a factor of 5488?
True
Does 18 divide 4525?
False
Is 41 a factor of 3157?
True
Is 18 a factor of 550?
False
Does 5 divide 1335?
True
Does 41 divide 23483?
False
Is 1849 a multiple of 43?
True
Is 28 a factor of 980?
True
Is 8 a factor of 29777?
False
Does 67 divide 5494?
True
Does 11 divide 5544?
True
Is 7404 a multiple of 12?
True
Is 2 a factor of 1249?
False
Does 18 divide 19448?
False
Does 53 divide 2330?
False
Is 257 a factor of 37424?
False
Does 53 divide 795?
True
Does 18 divide 41746?
False
Does 39 divide 40?
False
Is 10 a factor of 346?
False
Does 11 divide 2761?
True
Is 19 a factor of 12312?
True
Is 39 a factor of 12285?
True
Is 5988 a multiple of 21?
False
Is 181 a factor of 15756?
False
Does 10 divide 288?
False
Is 134 a factor of 5628?
True
Does 50 divide 217?
False
Is 1176 a multiple of 8?
True
Does 59 divide 58882?
True
Does 81 divide 567?
True
Is 2055 a multiple of 15?
True
Does 38 divide 532?
True
Is 66 a factor of 1386?
True
Is 364 a multiple of 26?
True
Is 241 a multiple of 10?
False
Does 38 divide 4712?
True
Is 19 a factor of 1268?
False
Does 7 divide 1064?
True
Is 45966 a multiple of 47?
True
Is 116 a multiple of 29?
True
Does 21 divide 5932?
False
Does 6 divide 144?
True
Is 12 a factor of 2202?
False
Is 2764 a multiple of 3?
False
Does 64 divide 86272?
True
Is 5852 a multiple of 19?
True
Is 10 a factor of 10017?
False
Is 15408 a multiple of 18?
True
Is 28 a factor of 663?
False
Is 25053 a multiple of 21?
True
Is 248 a multiple of 2?
True
Is 8 a factor of 1408?
True
Is 52 a factor of 884?
True
Is 109 a multiple of 33?
False
Is 13 a factor of 325?
True
Is 2765 a multiple of 35?
True
Is 56 a factor of 8370?
False
Does 131 divide 31964?
True
Does 6 divide 4554?
True
Is 41 a factor of 101268?
False
Is 6 a factor of 12?
True
Is 510 even?
True
Is 22 a factor of 550?
True
Is 1600 a multiple of 6?
False
Does 52 divide 21216?
True
Is 18 a factor of 2556?
Tr